is the highest common factor of c and 259?
37
Let k be (-1400)/(-500)*(-5)/(-2). Let s = 30 - 9. What is the highest common factor of s and k?
7
Let j = 552 - 486. Calculate the greatest common factor of j and 627.
33
Let l be (-44)/(-10) + ((-96)/20)/(-8). Calculate the highest common factor of 45 and l.
5
Suppose d + 0 = 3. Suppose d*n + 144 = 6*n. Calculate the highest common factor of n and 120.
24
Let z(y) be the second derivative of 7*y**4/12 + y**3 + 3*y**2/2 - 4*y. Let s be z(-3). What is the greatest common factor of s and 12?
12
Let m be (4/6)/(-2)*-3. Let c(l) be the third derivative of 13*l**5/60 - l**4/24 + 49*l**2. Let n be c(m). What is the highest common factor of 18 and n?
6
Let z = 59 - 39. Calculate the highest common factor of z and 10.
10
Let b be ((-11)/(-2) + -4)*14. Let c = 21 - b. Let h be (c - 4)/(4/(-66)). What is the greatest common factor of 6 and h?
6
Suppose -63 = -4*q + 1. Suppose 103 = 70*u - 101 - 76. Calculate the highest common divisor of q and u.
4
Let i(y) = y**3 + 15*y**2 - 3*y - 12. Let s be i(-11). Let x be (-3)/1 + s/5. Let f be x/3 - 7/(-21). Calculate the highest common factor of 22 and f.
11
Let m = -10 - -12. Suppose 5 = n + m. Suppose -4*u - 38 = -5*t, -4*u + 20 = n*t - 22. Calculate the greatest common factor of 10 and t.
10
Let z be (-104)/39*42/(-8). Let x = 34 + z. Calculate the greatest common factor of x and 72.
24
Let o = 5 + -2. Suppose -4*v - o*t = -0*t - 12, 0 = 4*v - 5*t - 44. Let h = -537 + 541. Calculate the highest common factor of h and v.
2
Let z(w) = -2*w**3 + 39*w**2 - 12*w - 33. Let r be z(19). Let y(l) = 2*l**2 + 6*l - 16. Let n be y(4). What is the greatest common factor of r and n?
20
Let c(x) = -2*x**3 - 4*x**2 + 4*x - 6. Let j be c(-4). Suppose -5*d + 162 = j. What is the greatest common factor of d and 12?
12
Suppose -58*l = n - 57*l - 12, 3*n - l = 44. Calculate the greatest common divisor of 70 and n.
14
Let t = 26 + -23. Suppose -t*h + 5*f + 22 = 0, -5*h + 3*h + 5*f = -8. Let n = -30 - -44. What is the highest common divisor of h and n?
14
Let v(s) = -110*s - 230. Let d be v(-8). Calculate the greatest common factor of 39 and d.
13
Let q(b) = -10*b + 14. Let x(o) = -11*o + 13. Let c(v) = -3*q(v) + 4*x(v). Let m be c(-5). Calculate the highest common factor of 32 and m.
16
Suppose 0 = -5*r - 7 - 8, -5*r = -5*a + 1115. Suppose 4*m = a - 4. Calculate the greatest common divisor of m and 6.
6
Let v(f) = -f**3 - 16*f**2 - f - 14. Let p be v(-16). Suppose 5*x = 2*n - 110 - 111, -p*n + 211 = -3*x. What is the greatest common divisor of n and 14?
14
Suppose -33 + 13 = -10*c. Suppose -n = c*n - 15. What is the greatest common factor of n and 35?
5
Let d = 2 - -6. Suppose -4*o + 8 = -d. Let g(m) = -m**3 - m**2 - m + 2. Let u be g(-2). What is the greatest common divisor of o and u?
4
Suppose -s - 30 = 52. Let z = s + 142. What is the highest common factor of z and 90?
30
Let c be (-1 - -31)*(-3)/(-5). Let y = c - 18. Suppose 0 = h + 5*i + 12 - 161, y = 4*h - i - 575. What is the greatest common factor of h and 18?
18
Let l be (-26 - -27)*(0 + 1)*297. Calculate the highest common factor of 11 and l.
11
Suppose 0*j - 2*j = 6. Let o(f) = -f**3 - 4*f**2 - 5*f - 7. Let a be o(j). Let h be 406/14 + a + -1. What is the highest common factor of h and 108?
27
Suppose -b + 0*b - 146 = 4*z, -5*b - 638 = -3*z. Let u = b + 139. Calculate the highest common divisor of u and 1.
1
Let f be 249/(-913) + (-168)/(-11). Calculate the greatest common divisor of 1095 and f.
15
Let c(g) = -2*g**3 + 3*g**2 - 4*g + 4. Let x be c(3). Let k = -19 - x. What is the greatest common factor of k and 4?
4
Let f(b) = -b**2 + 13*b + 44. Let c(w) = 5*w**2 - 65*w - 220. Let x(q) = -2*c(q) - 11*f(q). Let k be x(20). Calculate the highest common divisor of 12 and k.
12
Let u(m) = -m**2 + 8*m - 2. Let v be u(7). Suppose -v*b + 4 = -4*q - 2, 3 = q + b. Let g = 9 + -2. What is the greatest common divisor of g and q?
1
Suppose z - 9 = 3*c - 61, 0 = 2*c + 3*z - 31. Calculate the greatest common factor of 17 and c.
17
Let m = 442 + -62. Calculate the greatest common factor of 152 and m.
76
Suppose -3*c - 3 = 0, -3*c + 7 = j - 0*j. Let d = -19 + j. Let q = d - -31. Calculate the greatest common divisor of q and 33.
11
Let f(s) = s**3 + 12*s**2 - 13*s + 26. Let m be f(-13). Calculate the highest common factor of 338 and m.
26
Let i be 0 + -8 + 5547/43. Calculate the highest common divisor of 33 and i.
11
Let w be 5*(-12)/(-60)*5*1. Suppose 5*u - 26 = -4*v, w*v = 4*u - 6*u + 7. Calculate the greatest common divisor of 54 and u.
6
Suppose -31*m = -17436 - 19299. Calculate the greatest common factor of m and 15.
15
Let x(f) = 3*f + 11. Let m be x(-6). Let z = 20 + -1. Let i = m + z. Calculate the highest common factor of i and 36.
12
Suppose -80 = -3*b - 2*b. Suppose 3*v + 4*d + 36 = 8*v, -21 = -3*v + 3*d. Calculate the greatest common factor of v and b.
8
Let r be 0 + 4/(-2) + 6. Suppose -c - 12 = -r*c. Let z be (-13)/(-2) - (-15 - (-403)/26). Calculate the greatest common divisor of z and c.
2
Let r(k) = -k**3 + 9*k**2 - 3*k + 11. Let m be r(6). Suppose -331 = -4*h + m. What is the highest common factor of 12 and h?
12
Let t = -71 - -72. Let w(r) = -r + 3. Let s be w(t). What is the highest common divisor of s and 14?
2
Suppose 3*g - 39 + 12 = 0. Let p(y) = 4*y**2 - 12*y + 5. Let d be p(5). Calculate the greatest common divisor of d and g.
9
Let z be 22 - (2 + (-7 - -6)). Let t = 273 - 189. Calculate the highest common factor of z and t.
21
Let z = -199 + 325. Calculate the greatest common factor of z and 306.
18
Suppose -3*w = -5*b - 2*w - 159, -3*b = -w + 97. Let o = -7 - b. Calculate the greatest common factor of 12 and o.
12
Suppose 12 - 5 = -o. Let h be 363/12 + o/28. What is the greatest common divisor of h and 90?
30
Let o be 27/(-63) + (-158)/7. Let c be (-137)/(-9) - 6/27. Let z = c - o. What is the highest common divisor of 57 and z?
19
Suppose 5*j - 370 = 35. Suppose 0 = 2*q - 5*b + 4*b - 140, -4*q + b = -280. Let d = q - 61. Calculate the highest common factor of j and d.
9
Suppose 0 = -5*x + 15 + 5. Suppose f - 3*f = -x*j + 16, 3*f + 12 = 2*j. Calculate the highest common divisor of 15 and j.
3
Let r = -65 - -268. Calculate the greatest common divisor of 7 and r.
7
Let u(q) = -q + 16. Let k(c) = -2*c + 32. Let r(y) = -4*k(y) + 9*u(y). Let m be r(14). What is the greatest common divisor of m and 16?
2
Let f(m) = -5*m**3 + m**2 - 10*m - 20. Let n be f(-2). What is the greatest common factor of 44 and n?
44
Let v = -121 - -561. What is the highest common factor of v and 40?
40
Let k(u) = -u**2 - u + 3. Let h be k(0). Suppose h*o + 209 - 857 = 0. Suppose 7*j = 3*j + o. Calculate the greatest common divisor of j and 36.
18
Suppose -104*k = -94*k - 1820. Calculate the highest common factor of k and 14.
14
Let p(q) be the third derivative of q**5/60 - q**4/4 + 4*q**3/3 - 2*q**2. Let d be p(8). What is the highest common divisor of d and 48?
24
Let k = -184 - -217. Suppose k*u = 30*u + 48. Let a be 1/((-3)/4)*-6. What is the highest common divisor of a and u?
8
Let l be 4/18 - (1116/(-81) - -7). Calculate the greatest common divisor of 189 and l.
7
Let a = -121 + 139. Calculate the greatest common divisor of 54 and a.
18
Suppose 0 = 33*p - 183 - 114. Let x be 1/(-2) + 19/2. What is the highest common factor of p and x?
9
Suppose 5*l - 512 = -62. Let u be (6/4)/(27/l). Calculate the highest common factor of u and 45.
5
Suppose 5*g - 2*b = 21 + 123, -5*b = 10. What is the highest common factor of 84 and g?
28
Let y be (-15975)/(-105) + (-18)/(-21). Calculate the highest common factor of y and 9.
9
Suppose -43 - 65 = -3*k - i, -4*k = i - 144. Let b = k - -39. Suppose 2*q - b = -3*q. What is the greatest common divisor of q and 10?
5
Suppose -c = 5, 15*c - 14*c = -3*z + 211. Calculate the greatest common factor of z and 9.
9
Let o = -35 + 30. Let u(p) = 3*p**2 + 3*p. Let d be u(o). What is the highest common divisor of d and 45?
15
Suppose 0 = -4*g + 12 + 16. Suppose -2*z = 2*p - 14, 0 = -p - 0*p - 3*z + 5. Let y = 9 - p. Calculate the highest common divisor of y and g.
1
Let h be 3/((-2)/(-22 + 0)). Suppose 45*i = -593 + 12473. Calculate the greatest common divisor of i and h.
33
Let h be (-42 - -44)/(576/(-292) + 2). W